. Give o(u).
4
Let p(d) be the second derivative of d**8/6720 + d**7/360 + d**6/90 + d**5/20 + d**4/4 + 2*d. Let a(s) be the third derivative of p(s). Give a(-6).
-6
Let n(p) = -2 + p - 1 + 4 + 2. What is n(-7)?
-4
Let z(g) = -7*g**2 + 11*g - 1. Let o(w) = -20*w**2 + 32*w - 2. Suppose -2*a = 2*q - 0*a - 28, -q + 32 = -5*a. Let k(j) = q*z(j) - 6*o(j). Give k(6).
1
Let i(n) = -2*n**2 + 1321*n - 1321*n + n**3 + 3. What is i(3)?
12
Let m(y) = -y**2 + 1. Let b(w) = w**3 + w**2 - 5*w - 6. Let u(a) = b(a) + 3*m(a). Calculate u(4).
9
Let r(b) = 2*b**2 + 5*b + 2. Suppose -4*x - 18 = 3*v, v - 3*v = -x + 1. Determine r(x).
5
Suppose -4*v + 5*r - 15 = 0, 0 = 4*v + r + 3*r - 12. Let w be (v - (-9 + 1)) + 2. Suppose 0*b = -5*b + w. Let m(s) = -s**2 + 2*s - 2. What is m(b)?
-2
Let a(y) = y**2 + 7*y. Suppose -3*j + 0*j + 48 = 0. Let s = j + -9. Let w(h) = -h + 2. Let z be w(s). Calculate a(z).
-10
Let q(v) = -v**2 + 8*v - 15. Let f be q(5). Let c(u) = -u**3 + u**2 - 6. What is c(f)?
-6
Let v(w) be the first derivative of w**4/4 - w**3 - 2*w**2 + 5*w - 9. What is v(4)?
5
Let r(h) = h**2 - 4*h + 1. Suppose 0 = 3*w + 2*w - 25. Determine r(w).
6
Let t(l) = -l**3 + 2*l**2 + 3. Let n(d) = d**2 - 1. Let q be n(-1). Suppose q = -4*u + 13 + 3. Suppose 0 = -c + 2*f + 3, -4*c + 6 + 6 = -u*f. What is t(c)?
-6
Suppose -5*o + 15 = 3*i, 5*o - 4*i + 9*i = 25. Suppose o = -3*c - c. Let t(u) = u + 4. Calculate t(c).
4
Let u be ((-3)/2)/(1/2). Let h(b) = 3*b + 3. Calculate h(u).
-6
Let p(g) = g - 1. Let a(t) = -t + 2. Let f be a(6). Calculate p(f).
-5
Suppose -5*o = -q - 16, -2*o + 2 + 2 = 0. Let y(t) = -t**2 - 6*t - 3. Give y(q).
-3
Let k(m) = -m**2 + 4*m + 1. Suppose 0 = j - 5. Give k(j).
-4
Suppose -z = -0 - 2. Let f(b) = -z*b**2 + b**2 - 3 - 5*b - b + 0. Give f(-4).
5
Let w(f) = 4*f - 9 - 2*f + 9. Determine w(-3).
-6
Let d(a) = -a + 5*a**3 - 2*a**3 + 4*a**3. Let v = -1 - -2. What is d(v)?
6
Let n be -12 - (-1 - (1 - 1)). Suppose 3*u - 5*g = u - 9, u + 12 = 4*g. Let w = u + n. Let s(t) = t**2 + 3*t. Give s(w).
0
Let j be (5*-1 - (-16)/2) + -2. Let l(v) = 6*v**2 + 0*v - 1 + 3*v - v. What is l(j)?
7
Let l = -3 + 5. Let q = 4 + -2. Let c(t) = -8 + 5 + q*t - l*t - t. Calculate c(-4).
1
Let w(h) = h + 5. Let s(u) = u + 2. Let g be s(-6). Let n be w(g). Let q be (-5)/(2 - n/1). Let a(i) = i**3 + 6*i**2 + 5*i + 4. Give a(q).
4
Let a be (-3)/2*-2 - -3. Suppose 0 = -0*o + 3*o - a. Suppose -4*r - 9 - 5 = -5*y, 0 = -y + o*r + 4. Let c(p) = 2*p**2 - 3*p + 2. Determine c(y).
4
Let n(o) be the third derivative of o**7/2520 + o**6/240 + o**5/60 - o**4/24 - 2*o**2. Let m(g) be the second derivative of n(g). What is m(-4)?
6
Let q(p) be the third derivative of -p**5/60 - p**4/12 + p**3/2 + 14*p**2. Calculate q(-3).
0
Let n(k) = -4*k**2 + 4*k + 3*k + 2*k**2. Give n(5).
-15
Let z(b) be the third derivative of b**8/20160 + b**7/1680 - b**6/360 - b**5/60 + 2*b**2. Let r(a) be the third derivative of z(a). Give r(-4).
2
Let v(z) = -z + 1. Let x(k) = -k**3 - k**2 - 2*k + 4. Let c be x(0). Suppose 4*n - n = c*d - 7, 0 = 5*n + 25. Calculate v(d).
3
Let d(i) = -i + 1. Let k(a) = -1. Let m(c) = 3*d(c) + 4*k(c). Determine m(5).
-16
Let m be (-10)/(-4)*(-16)/(-10). Let n(t) = t + 3. Let a(w) = 1. Let r(x) = -2*a(x) - n(x). Calculate r(m).
-9
Let y(u) = -u**2 - 4*u - 6. Let w(k) = -k + 12. Let g be w(10). Suppose i + 6*j + 10 = 3*j, g*i + 14 = -3*j. Determine y(i).
-6
Suppose 0 = -2*m + 9 - 1. Let a(o) = o - 1. Let v be a(6). Let r(s) = s**2 - 4*s**2 + m*s**2 + 0*s + v*s. What is r(-3)?
-6
Let l(r) be the third derivative of r**4/24 + 13*r**2. Determine l(0).
0
Let f(v) = v**2 + v. Let a(t) = -t**3 + 4*t**2 - 8*t + 2. Let k(x) = -a(x) - 3*f(x). Determine k(6).
-8
Suppose 0 = 3*a + 5*u + 7, 0*u - 33 = -3*a + 3*u. Suppose -a*f + 2*f = 0. Let v(q) = -4*q**2 + f + 3*q**2 + 9*q**3 + 1. Calculate v(-1).
-9
Let w(i) be the first derivative of -3 + 8*i - 1/2*i**2. Give w(4).
4
Let g(q) = -2*q - 6. Let o(m) = -m. Let z(f) = -g(f) + 3*o(f). Give z(0).
6
Let k(h) = -11*h**3 - 21*h**2 - 21*h - 9. Let j(t) = -5*t**3 - 10*t**2 - 10*t - 4. Let s(m) = -9*j(m) + 4*k(m). Suppose -11 = 5*c + 9. Calculate s(c).
8
Let w(f) be the first derivative of -f**2/2 - 11*f - 11. Determine w(0).
-11
Let h(r) be the second derivative of -r**3/6 + r**2 - 19*r. Calculate h(0).
2
Let q = -30 + 31. Let y(g) = 2*g + 2*g - g. What is y(q)?
3
Suppose -3*h = 3*y - 12, -5*h + 18 + 0 = 4*y. Suppose h*x + 2*x = 0. Let b(k) = -k - k**2 - k + x*k**2. Give b(-3).
-3
Let a(k) = -k - 4. Suppose -3*o = 3, o + 3*o = u - 12. Let i be (-1 + -1)/(4/(-50)). Suppose 4*w = -u, 5*w = -5*z - 0*z - i. What is a(z)?
-1
Let x be 0 + 3/(3/4). Let c(k) = -x*k**2 - 7 + 3*k**2 + 0 + 2 - 4*k. Determine c(-4).
-5
Suppose -70 + 18 = -4*w. Let d(y) = -w*y - 1 + 14*y + 3. What is d(-5)?
-3
Let l(t) = 11*t**3 + 7*t**2 + 3*t - 11. Let z(s) = -4*s**3 - 2*s**2 - s + 4. Let w(n) = 3*l(n) + 8*z(n). Suppose 20 = -6*b + b. What is w(b)?
11
Let u(t) = 2*t**3 - 4*t**2 + 3*t. Suppose 0 = -7*p - 0*p + 14. What is u(p)?
6
Let p(k) = -6*k**3 + 95 - k + k**2 + k**3 - 2*k**2 - 96. Give p(-1).
4
Let a(x) = 9*x + 15. Suppose -5*f = -71 - 9. Suppose 4*s = -0*s - f. Let z(w) = 5*w + 7. Let t(c) = s*a(c) + 7*z(c). What is t(-5)?
-6
Let y(g) = -4*g. Suppose 0 = 5*w - 4*q - 1, -17 = 3*w - 5*q + 7*q. Give y(w).
12
Let g(w) = w**2 - w - 2. Suppose 5*p - 5*k = 20, 2*p - 5 = 3*k + 3. Suppose -3*n = 4*o + p - 16, 4 = -3*o + n. Suppose o - 2 = -h. Calculate g(h).
0
Let h(z) = 2*z**2 + 1. Let f(o) = o**3 + o**2 - 2*o + 4. Let i(k) = f(k) - h(k). Give i(2).
3
Suppose 0 = -7*d + 11 - 39. Let p(o) = -o**3 - 5 + 4*o - 4*o - 3*o**2. What is p(d)?
11
Suppose 4*x + 5*d - 10 = 0, 4*x - 5*d - 20 = 10. Suppose 0 = 4*f - x*h - 21 - 10, h = 3*f - 15. Let z(l) = -l**3 + 5*l**2 - 4*l + 6. What is z(f)?
6
Suppose 17 = 4*o - 7. Let k(t) = t**2 - 4*t - 5 + 2*t - t - 2*t. Calculate k(o).
1
Let h be -1*(-62)/10 - (-7)/(-35). Let q(b) = b**2 - 6*b - 3. Determine q(h).
-3
Suppose 3*a = 4*a. Let v(q) = -q**2 + 1. Let m(f) = 2*f**2 - 9. Let r(g) = m(g) + 3*v(g). Calculate r(a).
-6
Let l(b) = -b**2 + 2*b. Suppose 3*s = j + 3*j - 17, 2*j - 4*s = 16. What is l(j)?
0
Let d(z) be the first derivative of -z**2/2 - z - 1. Suppose -5*t + 0*t + 20 = 0. Suppose 0 = -t*m + 3*p - 10, -4*m - 22 = -0*m + 3*p. Determine d(m).
3
Let r be (-4)/14 + 26/(-7). Let n be -1*2/(r + 2). Let m(x) = -x. Let l(j) = j. Let v(o) = -3*l(o) - m(o). What is v(n)?
-2
Let v(o) = -o**2 + o + 3. Suppose 7*i = -3*i. Give v(i).
3
Let d(x) = -2*x**2 + 3*x + 4. Let g(s) = s**2 - s - 1. Let c(y) = d(y) + 5*g(y). Let o be (-4)/14 + 48/21. Calculate c(o).
7
Let o(c) = -c**2 + 3*c - 2. Let f(y) = 2*y**2 - 5*y + 4. Let n(m) = -6*f(m) - 11*o(m). Let j = 7 + 5. Suppose -b - j = 3*b. Determine n(b).
-2
Let u(k) = -2*k**2 - 3*k + 3. Let o = 38 - 41. Determine u(o).
-6
Let f(q) = q**2 + q + 1. Let a(g) = -3*g. Let z(s) = -a(s) - f(s). Let b(v) = -v**2 + 3. Let o be b(0). Give z(o).
-4
Suppose 8*t = -14 - 2. Let i(o) = 4*o**2 - 3*o - 1. Give i(t).
21
Let k(i) be the first derivative of -3 + 3*i + 5 + 3*i**2 - i**2. Let x be 0 + 2 - 4 - 0. Calculate k(x).
-5
Let x(b) = b**2 + 14*b - 15. Let u be x(-15). Let q(d) be the second derivative of u - 3/2*d**2 - 1/3*d**3 + 3*d. What is q(-3)?
3
Let u(v) = v**2 - 5*v - 6. Suppose 2*t = 15 - 3. Calculate u(t).
0
Suppose 10*q = 8*q. Let y(p) = -p - 9. Determine y(q).
-9
Let z(s) = 5*s + 5. Suppose -7*d - 20 = -2*d. Give z(d).
-15
Let u(l) = -l**2 - 8*l + 6. Let x(a) = -6*a**2 - 41*a + 30. Let r(p) = 11*u(p) - 2*x(p). Determine r(6).
6
Let i(z) = z**2 - 3*z + 2. Suppose -3*l + 5*n = -0*n + 4, 4*l = n - 11. Let v be (1 - 0)/((-1)/l). Determine i(v).
2
Let h be (6/(-9))/(1/3). Let v = h + -2. Let a(g) = -19 + 2*g + 21 - 3*g. What is a(v)?
6
Let x(d) = -d**3 - 7*d**2 - 3*d + 1. Let f(b) = -b - 14. Let k be f(-8). Determine x(k).
-17
Suppose 5*t - 4*t - 3 = 0. Let q(z) be the second derivative of -2*z + 1/6*z**3 + t*z**2 + 0 + 1/12*z**4. Give q(0).
6
Suppose 30*y - 13*y - 119 = 0. Let g(u) = -2*u - 6. Let r(k) = -5*k - 18. Let h(d) = -8*g(d) + 3*r(d). Determine h(y).
1
Let l(x) = 5*x**3 + 11*x**2 - x - 1. Let i(h) = h**3 + h**2 - h - 1. Let r(u) = 6*i(u) - l(u). Let o be -1 + (-10)/(-8) - (-23)/4. Give r(o).
1
Let p(t) = -5*t + 4 + 2*t 